 is (2 - (10 - 8)) + (2 - 9)?
-7
21 + 4 + 2 - 36
-9
What is the value of (7 - 24) + 8 + -6?
-15
What is -4 + 23 - (-1 + (7 - 11))?
24
Calculate (20 + -6 - -4) + -8 - (0 + -7).
17
(-5 + 7 - (1 - 0)) + (-31 - -26)
-4
Calculate -23 + (-1 - -3 - -9).
-12
Evaluate 10 + (-7 + -12 - (-8 - -19)).
-20
What is the value of (19 - 2) + -16 + -20 + 34?
15
Evaluate -156 - -177 - (13 - -1).
7
What is 17 + (25 - (7 + -3) - 11)?
27
Evaluate 6 - (9 + 8 + -2 - 6).
-3
What is the value of -19 + (-2 - -1) - -4?
-16
What is the value of 0 - (1 - -2) - (-43 - (-39 - -12))?
13
Calculate -10 + -8 + 10 + 10 - 17.
-15
What is 1 + 9 - (-13 - -12)?
11
What is (2 - -4) + 276 + -276?
6
Calculate (-3 + 2 - (-64 + 65)) + 32.
30
Evaluate (2 + -4 - (5 - (-4 + 11))) + 6.
6
What is the value of 6 - (-24 - (-52 - -15))?
-7
-3 + 1 - (1 - 0) - (-11 - -3)
5
24 + -21 + (2 - -4) + -8
1
What is the value of 14 + (-32 - 0 - (14 - 14))?
-18
What is the value of 26 + 6 + 0 + 1 + (8 - 15)?
26
What is -1 + 15 + (31 - 37)?
8
Evaluate 93 - 104 - (-1 - 0).
-10
7 - (3 - (6 + 1 - 7)) - 10
-6
What is 18 - ((-7 - 14 - -15) + -9)?
33
Calculate -15 + (-25 + 13 - -28).
1
What is -24 + (-4 - (-14 - (-5 - -2)))?
-17
2 + 17 - (-17 + 14 + 4)
18
Calculate (2 + -4 - 2) + (13 + -8 - -6).
7
What is the value of 0 + -3 - (6 + -4 + -3 - -7)?
-9
Evaluate -2 - -4 - (5 - ((12 - 6) + 6)).
9
Evaluate (-16 - -3) + -429 + 459.
17
-8 - (9 - (29 + -14))
-2
Evaluate (8 - -25) + -13 + -8 + 0.
12
What is the value of -39 - (-96 + 24 + 7)?
26
Evaluate (-2 - 1 - (-16 - 0)) + (75 - 78).
10
(1 - -5) + -2 + (-2 - 3) + -16
-17
What is the value of (7 - 1) + 15 + -22?
-1
Evaluate -3 + -1 + -5 - -17 - 5.
3
What is 9 + 0 + 5 + -1 - (-6 - -9)?
10
Evaluate (-3 - (7 + 0)) + -3 + (-29 - -28).
-14
Evaluate (4 - (-9 + 2 - 23)) + 0.
34
What is 228 + -239 - ((-2 - -9) + -2)?
-16
-13 - 18 - (-5 + -3) - -5
-18
(-1 - 2) + (5 - (3 - 1)) - 18
-18
What is the value of -4 - (3 + -14 + (-22 - -30))?
-1
(-5 - (-55 + 56)) + (-7 - (-1 + 1))
-13
(38 - (36 + -31)) + -35
-2
What is (43 - 85) + 20 - -51?
29
Calculate (22 - 4) + -5 - ((-3 - -9) + -1).
8
Evaluate -1 + 7 + (-11 - 0 - 2) + 20.
13
What is (-106 - (-84 + -6)) + (-6 - (-1 - 0))?
-21
What is -7 + -3 + 7 + -2 + 4 + -14?
-15
14 + -6 + 10 - 8
10
Evaluate (0 - -7 - (-3 + 1)) + (-620 - -633).
22
Calculate -4 - 9 - (1 - (-8 - -3)).
-19
What is -1 + (12 - (13 + -12 - -13))?
-3
Evaluate 92 + -94 + (-14 - (1 - (-1 - -1))).
-17
-9 - (0 + 10 + -6 + 0)
-13
Evaluate -22 + (-1 - 0) - (-16 + (-31 - -37)).
-13
Evaluate (-8 - (-4 - 36)) + -24.
8
What is (14 - 10 - 1) + (-12 - -31)?
22
What is the value of 4 + 15 + -17 - 13?
-11
What is 0 + 5 - 12 - -5 - 6?
-8
What is -21 + 28 + 34 + -55?
-14
Calculate (-1 - 9) + (-2 - (-8 + -26)).
22
1 + (-2 - 20) - (-65 - -72) - -7
-21
Evaluate -10 + -8 + 26 + -1 + 1 - 8.
0
What is the value of 7 + (-8 + 50 - (58 - 41))?
32
What is -43 - -52 - (1 + 0 - 3)?
11
What is -28 + (-5 - (-13 - -6))?
-26
What is the value of -3 - (-127 - -130 - (-11 + -1))?
-18
-16 - (25 - 34) - (0 - -10) - -6
-11
Calculate (-314 - -335) + (4 + -2 - 10) + -1.
12
What is the value of (-40 - -47) + 1 + -31 + 3?
-20
Evaluate 1 - (0 + 1 + -19 + 31).
-12
1 - 8 - ((-1 - -4) + (2 - -1))
-13
Calculate -8 - (-5 + 0 + (-7 - (0 - 7))).
-3
1 + 3 + 1 + (-14 - -1) + 5
-3
What is the value of -11 - (1 + 7 + -16) - (-2 + 10)?
-11
What is (-16 - -30) + -17 - -9?
6
What is the value of 77 + -62 - (-3 + -5 + -7)?
30
What is the value of 9 - (2 - (36 + -36))?
7
What is -17 - (-1 - 7) - -19?
10
-14 + 19 - (-12 + 10 - (-8 + 1))
0
(0 - 4) + 1 + -6 + 7
-2
16 + -136 + 147 + (-6 - -1)
22
Calculate -19 + 24 + -11 + -2 + 12 - -6.
10
Evaluate 139 + -105 + (2 - 26).
10
What is the value of 0 - (-80 - (40 + -84))?
36
0 - -8 - ((-4 - 5) + 4)
13
Calculate 69 - 16 - (-8 - -26).
35
Calculate (49 - 54) + 12 + 1 + -1.
7
What is the value of -12 - (-8 - -5 - (-10 + 4 + -1))?
-16
Calculate (-7 - (6 - (-5 - -8))) + -8 + 12.
-6
What is -2 - 4 - (88 + -99) - (-2 - 2)?
9
Evaluate (-27 + -2 - -7) + 0 + 9.
-13
What is the value of 8 - (0 - -17 - (70 + -68))?
-7
Evaluate 7 - -11 - ((-3 - 16) + 1).
36
Calculate 0 + -12 - (98 - 120).
10
Calculate 4 + (-85 - -37) + 35.
-9
Calculate 1 + (-5 - -17 - 19).
-6
Calculate 6 - (-1 + (-4 - 1) - (35 - 33)).
14
Evaluate -11 + 1 - (-30 - -22 - 5).
3
What is (-1 - 6) + 351 + -382?
-38
0 - (1 - 8) - (-30 - (-33 + -23))
-19
What is the value of (129 - 117) + (-3 - (-2 - -8))?
3
(6 - 20) + 24 - -5
15
Calculate -1 + 26 - (17 + -3 + -9 + 5).
15
-16 - (-27 - -13) - 19
-21
Calculate 15 - 11 - (-4 + 7).
1
What is the value of (-6 - 2) + (4 - -7) + (10 - 15)?
-2
What is the value of -385 - -403 - (2 - 3)?
19
Calculate 3 + (-3 - -5 - 10 - -15).
10
-13 + -1 + (-40 - (-73 - -16))
3
(-2 - (-2 + -2)) + (-27 - -22) - 7
-10
Calculate -16 - (-9 - (8 - 13)).
-12
What is -5 - 0 - (11 - (9 + 0))?
-7
What is the value of (4 - 0) + -34 + 15 - (6 + -10)?
-11
-8 + 4 + -2 - (-23 - (-3 + 10))
24
-46 + (-20 - (-38 - -5))
-33
What is the value of -1 + (14 - -1 - 2 - 0)?
12
What is -8 - (15 - (13 - -1 - 7))?
-16
(-10 - (-2 - (-9 - -11))) + (0 - -1)
-5
Calculate 1 + (-17 + 15 - (4 - 7)).
2
Calculate -24 - (14 + -5 + -4 + -4 + 4).
-29
Calculate -1 + 1 + 4 - (17 - 1).
-12
(28 - (49 - 18)) + (-1 - 4)
-8
8 - (-14 + 7 + 15) - (0 + 27)
-27
What is the value of 6 - (-4 - -10) - (4 + -3 + 8)?
-9
What is the value of -3 + 1 + 26 + -15 + (-12 - -13)?
10
Calculate 6 + -15 - (-30 + 38).
-17
Evaluate -9 + (-2 - (-10 + (-7 - 0))).
6
(2 - 2) + (-7 - (3 + 4 + -5))
-9
Calculate (-1 - -4) + (-10 - -22) + -41.
-26
What is -11 + 4 + 10 + -14?
-11
-12 + 22 + -29 + -3 + 4 + -6
-24
What is -2 + -2 + (22 + -14 - 0)?
4
Calculate 5 - (0 - (33 - 30 - (1 - 18))).
25
What is -1 + -7 - (-17 + (20 - 6))?
-5
11 + -17 + 16 - 16
-6
Calculate 312 + -338 + (5 - 0).
-21
What is the value of 255 + -267 + (6 - -2)?
-4
What is the value of 15 + -2 + -25 + 24 - -1?
13
What is 13 - ((1 - 9) + 22) - (-1 + 14)?
-14
Calculate 1 + (-13 - (2 + -2 + -6)) - -7.
1
Calculate 2 + 4 + (-26 + 34 - (-2 - -7)).
9
What is (-5 - 2 - (-32 - -33)) + 19?
11
Evaluate -2 + 5 + -14 + 7 - (1 + 9).
-14
Calculate -3 - (8 - 0 - 20).
9
-13 + (-10 - -15) + 6
-2
Calculate 13 + -5 + -7 + 23 + -21.
3
(-8 - -21) + 4 - -6
23
What is the value of 14 + -3 + -14 + -8?
-11
Evaluate -1 - (-2 + (-7 - -13) + (-19 - -47)).
-33
What is 2 + (-26 + 1 - (-12 - -2))?
-13
What is the value of 5 + (-1 + 8 + -7 - 2)?
3
What is -14 + -1 - (3 - (-50 + 50))?
-18
Calculate 14 + (-9 - 13 - -9).
1
What is the value of -9 + 0 + (-13 - 20 - -32)?
-10
What is the value of (-5 - 7 - -7 - -6) + -4?
-3
What is 1 + 35 + -193 + 171?
14
What is the value of (-17 - -34) + -12 + 14?
19
25 - (42 - (25 + -17))
-9
Calculate (7 - (2 + -4)) + 127 + -136.
0
Calculate 2 + 38 - ((-77 - -52) + 40).
25
Calculate -8 + -9 + 17 - 5 - -9.
4
What is the value of (2 - 8 - -9) + (1 - -3) + -3?
4
(2 - 22) + (-73 + 22 - -54)
-17
Evaluate -32 + 45 - 26 - (8 + -2).
-19
(-3 - (7 - (3 - -6))) + (-4 - -21)
16
What is the value of -183 + 178 + 3 + -3?
-5
Evaluate 5 + -1 - (-31 + -13 + 40).
8
What is (-1 - -5) + 6 + -16?
-6
Evaluate 24 - 1 - (202 + -171).
-8
Evaluate -46 - -36 - (1 + -2) - -6.
-3
Calculate (-5 - (5 - 7)) + (3 - (-6 + -3)).
9
(23 - 2) + (11 - 25)
7
What is the value of 14 + (-51 - -22) + (29 - 2)?
12
Calculate (11 - -4) + (3 - (14 - 6)).
10
Evaluate 277 - 301 - (-22 - -1).
-3
What is 10 - -5 - (-10 + 33)?
-8
What is -46 + 54 + -31 + (1 + 1 - -4)?
-17
13 + (-7 - -1) - (8 - 22)
21
What is the value of -2 + 0 + 1 + -4 - (-16 + -5)?
16
Calculate (-10 - 5 - -14) + -12.
-13
What is the value of (8 + (2 - -4) - 5) + -1 + 3?
11
-7 - 3 - (37 - 53)
6
Calculate 1236 + -1221 - (-2 + 2 + -19).
34
What is (2 - 3) + -3 + (-1 - -2) - 3?
-6
(-1 - 4) + -2 + 13
6
What is the value of -20 + (57 - 44) + -12 + 1?
-18
-56 + 26 + -1 + 17 + 29
15
What is the value of 3 + (-9 - (0 + 9 - 29)) + 12?
26
3 + 6 - (-10 + 25 + -2)
-4
What is the value of -6 + (26 - (29 - 5))?
-4
Calculate -3 + (9 - (-4 - -3)).
7
What is (2 - 3) + 2 + 2 + (-8 - -1)?
-4
What is -16 + 9 - (1 - 17)?
9
Calculate 0 + (-6 + -18 + 14 - 2).
-12
What is the value of -5 + (-2 + 6 - 2) + 6?
3
What is the value of -6 + 2 + 21 + 6 + (-5 - 2)?
16
-36 - ((2 - -2 - 12) + -1)
-27
(-7 - -19) + -2 + -12 + 2 + 2
2
Evaluate 